rs of 679484364.
2, 3, 13, 4355669
List the prime factors of 3537745.
5, 23, 30763
What are the prime factors of 3248794495?
5, 649758899
What are the prime factors of 2158246729?
29, 74422301
List the prime factors of 2946088204.
2, 571, 1289881
What are the prime factors of 1183947033?
3, 683, 577817
List the prime factors of 159365220.
2, 3, 5, 7, 379441
List the prime factors of 50421260.
2, 5, 2521063
List the prime factors of 50134678.
2, 11, 29, 179, 439
List the prime factors of 56797312.
2, 11, 13, 29, 107
List the prime factors of 323604543.
3, 571, 188911
List the prime factors of 222261578.
2, 7, 11, 1443257
List the prime factors of 5871230476.
2, 467, 3143057
List the prime factors of 285131197.
13, 241, 91009
What are the prime factors of 167565076?
2, 7, 73, 1123
List the prime factors of 38133217.
43, 886819
List the prime factors of 363457611.
3, 11, 619, 659
What are the prime factors of 35101634?
2, 17, 23, 44887
List the prime factors of 47651317.
7, 6807331
What are the prime factors of 4891468?
2, 61, 20047
List the prime factors of 671353661.
11, 173, 587, 601
What are the prime factors of 57572202?
2, 3, 9595367
List the prime factors of 29967349.
29967349
What are the prime factors of 294548634?
2, 3, 16363813
What are the prime factors of 5940461177?
7, 41, 47, 440393
What are the prime factors of 416170782?
2, 3, 23120599
What are the prime factors of 1021763462?
2, 181, 827, 3413
List the prime factors of 1573207250.
2, 5, 1987, 3167
List the prime factors of 1014982153.
21419, 47387
What are the prime factors of 420186802?
2, 7, 547, 54869
What are the prime factors of 252907398?
2, 3, 14050411
List the prime factors of 126769594.
2, 7, 9054971
List the prime factors of 1676902062.
2, 3, 11, 521, 48767
What are the prime factors of 147686297?
11, 19, 706633
List the prime factors of 79264340.
2, 5, 461, 8597
What are the prime factors of 518841668?
2, 29, 31, 157, 919
What are the prime factors of 2610913823?
7, 19, 821, 23911
What are the prime factors of 1284398783?
89, 14431447
List the prime factors of 24705722.
2, 109, 113329
List the prime factors of 71314632.
2, 3, 31, 89, 359
List the prime factors of 696335611.
17891, 38921
List the prime factors of 30887561.
30887561
What are the prime factors of 1397428401?
3, 465809467
List the prime factors of 1647442437.
3, 549147479
List the prime factors of 874320873.
3, 23, 12671317
List the prime factors of 658711491.
3, 219570497
What are the prime factors of 2099583485?
5, 677, 620261
What are the prime factors of 59740731?
3, 19, 41, 8521
What are the prime factors of 100875262?
2, 173, 291547
List the prime factors of 10540999.
7, 59, 25523
What are the prime factors of 278189983?
983, 283001
List the prime factors of 1633205109.
3, 431, 1263113
List the prime factors of 304207534.
2, 167, 457, 1993
What are the prime factors of 3898084271?
29, 6247, 21517
What are the prime factors of 86870506?
2, 43435253
List the prime factors of 181127592.
2, 3, 191, 13171
What are the prime factors of 3283943473?
23, 37, 3858923
List the prime factors of 5209876.
2, 7, 19, 1399
List the prime factors of 32412594.
2, 3, 19, 59, 61, 79
List the prime factors of 740139274.
2, 7, 52867091
List the prime factors of 266881961.
19, 103, 136373
List the prime factors of 27165009.
3, 9055003
List the prime factors of 73381046.
2, 79, 464437
List the prime factors of 2161417920.
2, 3, 5, 103, 21859
List the prime factors of 37265256.
2, 3, 7, 73939
List the prime factors of 37999398.
2, 3, 6333233
List the prime factors of 174464169.
3, 11, 5286793
What are the prime factors of 292857253?
13, 3083, 7307
List the prime factors of 39224141.
11, 73, 48847
What are the prime factors of 4689893?
13, 367, 983
What are the prime factors of 88637483?
11, 8057953
What are the prime factors of 2216446?
2, 1108223
List the prime factors of 44950151.
101, 467, 953
List the prime factors of 1955534228.
2, 488883557
List the prime factors of 839399269.
383, 937, 2339
List the prime factors of 5745031394.
2, 2872515697
List the prime factors of 16089985.
5, 3217997
What are the prime factors of 20046335?
5, 41, 97787
What are the prime factors of 2290881286?
2, 67, 491, 34819
What are the prime factors of 1051450761?
3, 3391, 103357
List the prime factors of 66834779.
11, 1303, 4663
List the prime factors of 1145758207.
11, 104159837
List the prime factors of 4321000209.
3, 41, 61, 575903
List the prime factors of 117709923.
3, 39236641
What are the prime factors of 53923106?
2, 347, 77699
List the prime factors of 51127008.
2, 3, 101, 5273
List the prime factors of 2720591317.
23, 401, 294979
What are the prime factors of 6554074887?
3, 1051, 692893
What are the prime factors of 910614463?
11, 19, 4357007
List the prime factors of 3563435065.
5, 12953, 55021
What are the prime factors of 21972024?
2, 3, 17, 29, 619
List the prime factors of 586075115.
5, 41, 2858903
List the prime factors of 2774285922.
2, 3, 10301, 44887
List the prime factors of 371421459.
3, 1993, 20707
What are the prime factors of 62194967?
23, 2704129
What are the prime factors of 64233734?
2, 2819, 11393
What are the prime factors of 2759574614?
2, 1379787307
List the prime factors of 2326082660.
2, 5, 11, 3203, 3301
What are the prime factors of 154577485?
5, 30915497
What are the prime factors of 598681319?
59, 10147141
What are the prime factors of 3555716888?
2, 444464611
What are the prime factors of 642620359?
31, 739, 28051
List the prime factors of 2989296772.
2, 7, 11, 163, 5413
What are the prime factors of 3646715753?
3646715753
List the prime factors of 44332554.
2, 3, 7, 150791
What are the prime factors of 5434334801?
7, 17, 45666679
What are the prime factors of 2184889916?
2, 11, 229, 216841
What are the prime factors of 4255924436?
2, 1063981109
List the prime factors of 3360522058.
2, 19, 1291, 68501
List the prime factors of 3062217807.
3, 11, 30931493
What are the prime factors of 4914460?
2, 5, 245723
What are the prime factors of 4179316205?
5, 835863241
What are the prime factors of 75518270?
2, 5, 7551827
List the prime factors of 43354567.
43354567
List the prime factors of 22340250.
2, 3, 5, 9929
List the prime factors of 579112940.
2, 5, 7, 4136521
List the prime factors of 2873791336.
2, 13, 67, 83, 4969
What are the prime factors of 3478309242?
2, 3, 17, 29, 1175899
List the prime factors of 200532395.
5, 7, 149, 38453
List the prime factors of 82841983.
7, 11834569
What are the prime factors of 1113713831?
1153, 965927
What are the prime factors of 339746740?
2, 5, 16987337
What are the prime factors of 31036290?
2, 3, 5, 101, 10243
List the prime factors of 283296614.
2, 127, 577, 1933
What are the prime factors of 1128296990?
2, 5, 112829699
List the prime factors of 2729004160.
2, 5, 4264069
What are the prime factors of 32290141?
13, 409, 6073
What are the prime factors of 48316166?
2, 31, 269, 2897
What are the prime factors of 360165118?
2, 7577, 23767
List the prime factors of 238527721.
238527721
List the prime factors of 463303194.
2, 3, 179, 431381
What are the prime factors of 35614260?
2, 3, 5, 11, 17987
List the prime factors of 379389162.
2, 3, 63231527
What are the prime factors of 1073563557?
3, 11, 29, 41, 27361
List the prime factors of 402138923.
23, 760187
List the prime factors of 115010499.
3, 38336833
What are the prime factors of 1362138906?
2, 3, 17, 61, 218923
What are the prime factors of 730644802?
2, 17, 4159, 5167
List the prime factors of 938110398.
2, 3, 156351733
What are the prime factors of 1481902017?
3, 19, 347, 74923
What are the prime factors of 5265770500?
2, 5, 883, 11927
List the prime factors of 710002971.
3, 43, 367, 4999
List the prime factors of 140098484.
2, 35024621
What are the prime factors of 2956823073?
3, 17, 19, 1017139
List the prime factors of 698317393.
19, 593, 61979
List the prime factors of 4220622144.
2, 3, 7327469
What are the prime factors of 2955340820?
2, 5, 1009, 146449
What are the prime factors of 308829630?
2, 3, 5, 41, 251081
What are the prime factors of 142905117?
3, 499, 95461
What are the prime factors of 55288514?
2, 293, 94349
What are the prime factors of 4952828971?
19, 260675209
What are the prime factors of 